st common divisor of 6 and 10176272?
2
What is the highest common divisor of 2899 and 162162?
13
Calculate the greatest common factor of 170313 and 957.
33
What is the highest common factor of 7219494 and 1413?
9
Calculate the greatest common divisor of 277874142 and 182.
182
Calculate the greatest common divisor of 21 and 324699.
3
Calculate the highest common divisor of 2702373 and 33221.
239
What is the highest common divisor of 231785 and 815?
5
Calculate the greatest common factor of 184 and 26462098.
46
What is the greatest common divisor of 182 and 28830542?
26
Calculate the greatest common divisor of 28880 and 7472.
16
What is the highest common divisor of 68340 and 5253?
51
Calculate the greatest common divisor of 228 and 7885008.
12
What is the highest common factor of 38066749 and 294?
7
What is the highest common divisor of 5490 and 4260606?
366
Calculate the highest common divisor of 7178 and 3414878.
74
What is the highest common factor of 6015663 and 9?
9
Calculate the highest common factor of 29261 and 50450.
1009
What is the highest common divisor of 550044 and 352?
44
Calculate the greatest common divisor of 1396 and 45792988.
1396
What is the highest common divisor of 90648 and 1600?
8
What is the highest common factor of 228 and 14636308?
76
Calculate the greatest common divisor of 370447 and 2293368.
1309
What is the highest common divisor of 17 and 3358622?
17
Calculate the greatest common factor of 1526 and 17920.
14
What is the greatest common divisor of 4814 and 4256214?
58
What is the highest common divisor of 72 and 43157304?
72
Calculate the greatest common divisor of 72588 and 80664.
12
Calculate the greatest common divisor of 1070 and 420295.
5
What is the highest common divisor of 68052 and 1730556?
636
Calculate the highest common factor of 20767 and 3303046.
1093
Calculate the highest common divisor of 202 and 150272446.
202
Calculate the highest common factor of 7316 and 72483270.
3658
What is the greatest common divisor of 1027 and 16888482?
13
What is the greatest common divisor of 13691431 and 21580?
1079
Calculate the highest common divisor of 214154613 and 927.
927
What is the greatest common factor of 901 and 2458547888?
901
Calculate the highest common factor of 5444 and 423271.
1361
What is the highest common divisor of 122 and 209174429?
61
What is the highest common divisor of 22609762 and 2261?
119
What is the highest common divisor of 19080 and 21723480?
360
Calculate the greatest common divisor of 1189797174 and 5022.
5022
Calculate the greatest common factor of 155033 and 357011.
229
What is the highest common divisor of 2628 and 302868?
36
What is the highest common divisor of 182 and 14459263?
91
Calculate the highest common divisor of 2450 and 266742.
14
What is the greatest common factor of 200737220 and 40?
20
Calculate the highest common divisor of 2052 and 2136276.
36
What is the greatest common factor of 247117 and 8?
1
Calculate the greatest common divisor of 10098 and 446688.
594
Calculate the greatest common divisor of 515229 and 14872.
143
Calculate the greatest common divisor of 14791069 and 2602.
1301
What is the highest common factor of 1333081 and 3007597?
2969
What is the greatest common factor of 94 and 2791688046?
94
What is the greatest common factor of 1306 and 161497348?
1306
What is the greatest common factor of 2 and 840114626?
2
What is the highest common factor of 850 and 109651496?
34
Calculate the highest common factor of 13405 and 328231.
383
What is the greatest common factor of 391260 and 16140?
60
What is the greatest common divisor of 1326716 and 1363?
47
What is the highest common divisor of 3346040 and 8?
8
Calculate the highest common divisor of 191736 and 273924.
36
Calculate the highest common factor of 480 and 55194072.
24
What is the highest common factor of 269255 and 1445?
5
Calculate the highest common divisor of 459 and 4131612.
153
What is the greatest common divisor of 243319170 and 210?
30
Calculate the greatest common divisor of 3700 and 662520.
20
Calculate the highest common factor of 30998983 and 1030.
103
Calculate the highest common factor of 94851991 and 26.
13
Calculate the greatest common divisor of 44 and 229883313.
11
Calculate the highest common factor of 487056 and 680360.
584
What is the highest common divisor of 23258 and 226?
2
Calculate the greatest common divisor of 86381 and 119.
1
What is the greatest common divisor of 1269572768 and 1838?
1838
Calculate the highest common factor of 125356 and 285208.
308
What is the highest common factor of 33774 and 1412446?
866
Calculate the greatest common factor of 37 and 12174961.
37
Calculate the greatest common divisor of 1138451328 and 378.
378
What is the greatest common factor of 633998 and 17102?
34
Calculate the highest common factor of 600 and 1213950.
150
What is the greatest common divisor of 82958808 and 168?
24
Calculate the greatest common factor of 9216 and 39782016.
1152
What is the greatest common factor of 270 and 550749015?
45
Calculate the greatest common factor of 98 and 24203648.
98
Calculate the greatest common factor of 3901630 and 65145.
505
Calculate the greatest common divisor of 4 and 12106.
2
What is the greatest common factor of 237900 and 146515900?
6100
Calculate the greatest common divisor of 44 and 1061612.
4
Calculate the highest common divisor of 820 and 26368084.
164
Calculate the greatest common factor of 617688360 and 100.
20
What is the greatest common factor of 289 and 14165?
1
Calculate the greatest common divisor of 52716 and 525441.
573
Calculate the highest common divisor of 83490 and 745085.
1265
Calculate the greatest common factor of 1451073 and 2262.
1131
Calculate the highest common divisor of 1418502 and 782.
46
Calculate the greatest common factor of 111893598 and 18.
18
What is the highest common factor of 480089 and 104791?
2437
Calculate the highest common divisor of 6096706 and 22022.
1694
What is the greatest common divisor of 41472856 and 296?
296
What is the highest common factor of 287 and 36508286?
41
What is the greatest common divisor of 1617189561 and 1521?
1521
What is the highest common divisor of 38691 and 59481?
27
What is the greatest common factor of 2072547 and 414?
9
What is the greatest common divisor of 136 and 52789403?
17
What is the greatest common divisor of 3470586 and 28?
14
Calculate the highest common divisor of 98355 and 208797.
237
Calculate the greatest common divisor of 12019747 and 1.
1
What is the highest common factor of 941920 and 14686?
14
Calculate the greatest common factor of 21 and 191633463.
21
What is the greatest common divisor of 504587 and 9083?
31
Calculate the greatest common divisor of 383586 and 2688.
42
Calculate the highest common divisor of 55575 and 1393275.
975
Calculate the highest common divisor of 28 and 4008915232.
28
What is the highest common factor of 247350 and 7805550?
2550
Calculate the greatest common factor of 62394966 and 86733.
3771
What is the greatest common divisor of 37 and 23892787?
37
Calculate the greatest common factor of 783498 and 7437.
201
What is the highest common divisor of 371 and 26505353?
371
Calculate the highest common factor of 20444 and 263948.
76
What is the highest common divisor of 267950 and 42550?
1150
What is the greatest common factor of 285 and 2127582?
57
What is the greatest common divisor of 3650257 and 6851?
221
Calculate the greatest common factor of 121590 and 53830.
70
Calculate the greatest common factor of 1027110 and 190603.
511
Calculate the highest common factor of 2339880 and 1870.
170
What is the greatest common divisor of 533572 and 20696?
52
What is the greatest common divisor of 216433 and 558061?
343
What is the greatest common divisor of 546 and 255654?
42
What is the highest common divisor of 920 and 2479556860?
460
Calculate the highest common factor of 161711 and 270666.
11
What is the greatest common factor of 67504 and 1616?
16
Calculate the greatest common factor of 455479 and 263.
1
What is the greatest common divisor of 110072158 and 28?
14
What is the highest common factor of 3926364 and 2964?
156
Calculate the highest common factor of 140 and 1745695.
35
What is the highest common factor of 497007 and 8487?
20